86. What is the hundreds digit of x?
0
Let k(i) = -102*i - 349. What is the tens digit of k(-12)?
7
Let m(q) = -119*q + 77. Let x(o) = -40*o + 26. Let w(c) = -6*m(c) + 17*x(c). What is the hundreds digit of w(5)?
1
What is the thousands digit of (1 - (-10)/40)/(2/1712)?
1
Let b = -8 + 97. What is the units digit of b?
9
Let k(m) = -m**3 + 5*m + 670. What is the tens digit of k(0)?
7
Suppose 0 = 21*i - 0*i - 61782. What is the hundreds digit of i?
9
Let l(y) = y**3 - 5*y**2 + 2*y - 1. Let i(o) = -o**3 + 4*o**2 - o. Let f(d) = -7*i(d) - 6*l(d). What is the units digit of f(3)?
6
Suppose a - x - 2 + 0 = 0, -32 = -4*a - 2*x. Let g = -3 + a. What is the units digit of g?
3
Let c(k) = -k**2 + 17*k - 10. Let t be c(19). Let g = 85 + t. What is the units digit of g?
7
Let h(a) = -182*a**2 + 0*a + 2*a + 197*a**2. Suppose 4*i - 17 = 5*s, -3*s + s = -5*i. What is the units digit of h(i)?
6
Let j(g) = -10*g**3 + 10*g**2 - 11*g - 6. Let o(v) = v**3 - v**2 + v + 1. Let d(y) = -j(y) - 6*o(y). What is the tens digit of d(2)?
2
Let t = 54 - 52. What is the units digit of -3 - (t*-11 - 0)?
9
Suppose -t - 262 = t. What is the tens digit of 4 + 6/4*(1 - t)?
0
Let u = -17 + 10. Suppose 15*q - 44 = 13*q. Let y = u + q. What is the units digit of y?
5
Suppose -4*p + 0*p = -8. Suppose 0 = -p*q + 96 + 84. What is the units digit of q?
0
Suppose -4*i - 4*g + 1240 = 0, -5*i + 4*g + 1066 + 493 = 0. Let h = -187 + i. What is the tens digit of h?
2
Let h(f) = 8*f**2 - 37*f + 31. What is the tens digit of h(11)?
9
Suppose 3*k + 772 = 8710. What is the thousands digit of k?
2
Let f = -3 + 4. What is the hundreds digit of ((-25)/20)/(f/(-136))?
1
Suppose 1843 + 397 = 2*w. What is the hundreds digit of w?
1
Let x(f) = -5*f**3 - 3*f**2 - 12*f - 15. What is the units digit of x(-8)?
9
Let m be 2/5 - 1*(-10112)/20. Let s = m - 180. What is the hundreds digit of s?
3
Suppose 5*b - 1802 = -247. What is the hundreds digit of b?
3
Suppose 918 = 461*o - 458*o. What is the hundreds digit of o?
3
Let l(d) be the first derivative of -7 - 15/2*d**2 - 7*d - 1/3*d**3. What is the tens digit of l(-12)?
2
Let x(r) = -74*r - 135. What is the hundreds digit of x(-6)?
3
Let v = -10 + 16. Suppose 2*w + v = 24. What is the units digit of w?
9
Let j(l) = -l - 10. Let q be j(-8). What is the tens digit of -1 + q + 48 - 4?
4
Let v(d) = d**2 - d. Let o be v(0). Let x be (o + 2)*(-45)/2. Let b = -7 - x. What is the units digit of b?
8
Suppose 160*d - 155*d - 3115 = 0. What is the tens digit of d?
2
Let x(f) = 9*f**3 - f**2 - 2*f + 8. Let u be x(2). Let c = 270 - u. What is the hundreds digit of c?
1
Suppose -17*s = -22*s + 1550. What is the hundreds digit of s?
3
Let u(t) = 2*t - 3. Let n(r) = 4*r - 5. Let a(l) = -6*n(l) + 11*u(l). Let i be a(-3). Suppose -i = -v + 21. What is the tens digit of v?
2
Let y(z) = -z**3 + 7*z**2 - 15*z + 14. Let c be y(4). Let a(f) = 3*f - 1. Let d(j) = -11*j + 4. Let o(h) = 9*a(h) + 2*d(h). What is the units digit of o(c)?
9
What is the hundreds digit of ((-2)/3)/(87/(-247167))?
8
Let h = -81 + 53. Let f(k) = k**2 + k - 11. Let g be f(-6). Let o = g - h. What is the tens digit of o?
4
Let v = -32 + 8. Let f(g) = 2*g**2 + g - 12. Let u be f(6). Let w = v + u. What is the tens digit of w?
4
Suppose 3*u = 2*x + 7191, x - 2088 - 2699 = -2*u. What is the tens digit of u?
9
Suppose -3*g = -6*g + 75. Let k = 29 - g. Suppose -k*r + 2*u + 297 = 5*u, 4*r = u + 317. What is the units digit of r?
8
Suppose -v + 1472 = 2*r, -4*r + 3*v + 1456 = -2*r. What is the tens digit of r?
3
Suppose 4*m + 5 = c - 2, 4*c + 2*m - 28 = 0. What is the units digit of ((-266)/(-6))/c*6?
8
Let v(f) = 4*f**3 + f**2 - 1. Let k be 30/50 + (-4)/(-10). Let w be v(k). What is the tens digit of 29 + (-2 - -1) + w?
3
Suppose -7*m = -37*m + 840. What is the units digit of m?
8
Let s(m) be the first derivative of m**2/2 + 17*m - 1. Let a be s(-7). What is the tens digit of (4 - 4/2) + a?
1
Let l be 111 - (-8)/(4 + 0). Suppose l + 16 = 3*n. What is the tens digit of n?
4
What is the units digit of (-87)/(-58) + (1471/2 - -1)?
8
Let c(z) = -4*z**2 + 6*z + 23*z**2 + z**3 - 9*z**2 + 1. What is the units digit of c(-7)?
6
Let f = 97 - 96. Suppose 4*x = -5*n + 211 + f, -5*n - 159 = -3*x. What is the tens digit of x?
5
Let g = 426 - 207. What is the hundreds digit of g?
2
Let k(r) = r**3 + 52*r**2 - 75*r - 238. What is the tens digit of k(-53)?
2
Let s(i) = 104*i + 92. What is the tens digit of s(5)?
1
Suppose 2*g - 2*o + 6 = 0, 3*o - 12 = -3. Suppose 16 = 4*a - g*a. Suppose -a*u + 48 = 3*r - 18, r = 5*u - 92. What is the units digit of u?
8
What is the hundreds digit of 548 + -9 + 8/8?
5
Suppose 23*v - 17635 - 90764 = 0. What is the thousands digit of v?
4
What is the tens digit of 48/(-8) - -5 - -237?
3
Suppose 4*r = -5*j + 2*r - 34, 3*j + 2*r + 22 = 0. Let z = j - -14. Suppose 4*f + 5*h - 86 = 0, 3*f + 3*h + 89 = z*f. What is the units digit of f?
9
Suppose 0 = -2*q + 3*g - 285, 0 = 8*q - 4*q + 4*g + 600. Let c = 290 + q. What is the units digit of c?
3
Suppose -2*k + 8 = 2*k. Let z(o) = -1 - 4*o - 5*o + 3*o**2 + 2*o - 2*o**k. What is the tens digit of z(9)?
1
What is the units digit of (-12)/(-20) - 1814*5/(-50)?
2
Suppose -h + 4*f = -13, 3*f - 3 = -2*h + 1. Let z(l) = 11*l + 2. What is the tens digit of z(h)?
5
Let a(s) = -s**3 - 3*s**2 + 22*s - 19. What is the hundreds digit of a(-10)?
4
Suppose 6*g - g = 0. Let s be (-495)/(-4) + 1/4 + 0. Suppose 4*l = -g*l + s. What is the units digit of l?
1
Let g = -15 + 23. Suppose g*v - 3*v = 255. What is the units digit of v?
1
Let m(x) = 2*x**3 - 1 - x**3 + 10*x - 5*x**2 - 5*x + 0*x**2. Let k be m(4). Suppose 0 = -o + k - 0. What is the units digit of o?
3
Let l(s) = 4*s - 17. Let h(k) = -3*k + 18. Let x(i) = 3*h(i) + 2*l(i). What is the units digit of x(13)?
7
Let x(b) = -7*b**2 - 3*b + 3. Let d be x(2). Let z = -44 + 25. Let p = z - d. What is the units digit of p?
2
Let p(m) = 2*m + 3. Let j be p(-1). Let n(z) = 68*z**3 - 2*z**2 + 2*z - 1. What is the units digit of n(j)?
7
Let g be ((0 - 0) + 0)/3. Suppose g = -5*t + 3*t + 334. Suppose 4*k - t = -5*x, 208 = 5*k - 3*x + 27. What is the tens digit of k?
3
Let f(v) = v**2 + 4*v + 3. Let d be f(-1). Suppose -o - 3*o + 132 = d. What is the tens digit of o?
3
Suppose 0 = -2*h - 19 + 77. Let m = h + 40. What is the units digit of m?
9
Let u(d) = -226*d - 62. What is the hundreds digit of u(-3)?
6
Suppose -26*s + 19934 - 7220 = 0. What is the hundreds digit of s?
4
What is the hundreds digit of (-56004)/(-50) + 140/(-1750)?
1
Suppose 15 = -7*n - 34. Suppose -3*r = -2*r - f + 5, -f = -4*r - 32. Let b = n - r. What is the units digit of b?
2
Let q be 20/(-6)*45/(-25). Suppose -3*n + q*n - 289 = -2*j, 2*j - 4 = 0. What is the tens digit of n?
9
Suppose u - 30 = -c + 2*u, u - 95 = -4*c. Suppose 4*r = 3*h + c, h = -r + 5*h + 16. Suppose r*j - o = 160, -j + 0*o + 5*o = -59. What is the units digit of j?
9
Suppose 0 = -4*r + r - 51. Let n(v) = v**3 + 15*v**2 - 38*v + 24. What is the tens digit of n(r)?
9
What is the units digit of ((-62)/(-217))/(10/14)*4000?
0
Let m(y) = 615*y - 9. What is the units digit of m(1)?
6
Let y = 3 - -3. Let g(t) = 44*t + 218. Let p be g(-5). What is the units digit of p/(-6) + 268/y?
5
Let w be ((-3)/9)/(3/(-18)). Suppose 264 - 2 = -w*y. Let f = -91 - y. What is the tens digit of f?
4
Let z(t) = 42 - t + 2 - 9 - 11. What is the tens digit of z(6)?
1
Suppose 2*p + 4*u = 784, -2*u + 1196 = 3*p - 0*u. What is the units digit of p?
2
Suppose 75 = 8*c - 3*c. Let h = c - 10. Suppose m + 16 = s - 0*m, -h*s - 5*m = -100. What is the units digit of s?
8
Let c = 52 - 76. Let u = c + 88. What is the tens digit of ((-15)/(-5) - 2)*u?
6
What is the tens digit of 6 - (6 + -9) - -1549?
5
Suppose -2*s - 4*z = 332, 0 = -2*s - 3*z + 5*z - 344. Let n = -39 - s. What is the tens digit of n?
3
Let i be (-9)/4 + 10/40. Let h(s) = s + 14. Let c(d) = 2*d + 29. Let v(f) = i*c(f) + 5*h(f). What is the units digit of v(10)?
2
Let r be (-2 - 0)/(-2)*2. What is the hundreds digit of (0 + (1 - r))/((-1)/218)?
2
Let x(p) be the first derivative of p**3/3 + 7*p**2/2 - 4*p + 9. What is the units digit of x(-8)?
4
Suppose 0 = -l + 4 + 33. Let c = -19 + l. What is the units digit of c?
8
Suppose 6 - 62 = -4*j. Suppose 2*o - 2 = 3*l +